{"id":258,"date":"2026-03-07T09:36:08","date_gmt":"2026-03-07T08:36:08","guid":{"rendered":"https:\/\/bluetropea.it\/?page_id=258"},"modified":"2026-03-07T09:37:20","modified_gmt":"2026-03-07T08:37:20","slug":"resi-e-rimborsi","status":"publish","type":"page","link":"https:\/\/bluetropea.it\/index.php\/resi-e-rimborsi\/","title":{"rendered":"Resi e Rimborsi"},"content":{"rendered":"\t\t<div data-elementor-type=\"wp-page\" data-elementor-id=\"258\" class=\"elementor elementor-258\" data-elementor-post-type=\"page\">\n\t\t\t\t<div class=\"elementor-element elementor-element-ead2523 e-flex e-con-boxed e-con e-parent\" data-id=\"ead2523\" data-element_type=\"container\" data-e-type=\"container\">\n\t\t\t\t\t<div class=\"e-con-inner\">\n\t\t\t\t<div class=\"elementor-element elementor-element-94fed7e elementor-widget elementor-widget-html\" data-id=\"94fed7e\" data-element_type=\"widget\" data-e-type=\"widget\" data-widget_type=\"html.default\">\n\t\t\t\t<div class=\"elementor-widget-container\">\n\t\t\t\t\t<div class=\"bluetropea-policy-container\">\n\n    <h1>Resi e Rimborsi<\/h1>\n\n    <h2>Reclami e resi<\/h2>\n    <p>Al ricevimento della merce, il Cliente \u00e8 tenuto immediatamente a verificarne lo stato e la conformit\u00e0. Reclami relativi alla conformit\u00e0 dei prodotti, anche in relazione alla loro quantit\u00e0 e\/o aspetto esteriore, devono essere formulate per iscritto mediante l\u2019apposita procedura e l\u2019apposito modulo di richiesta rientro materiali autorizzati (RMA). La merce dovr\u00e0 essere inviata in porto franco presso i ns. magazzini accompagnata da un documento di trasporto sul quale dovr\u00e0 essere indicato il numero di RMA. La merce sprovvista di tale numero non verr\u00e0 accettata.<\/p>\n    \n    <p>In caso di richiesta di RMA per prodotto guasto o danneggiato, qualora il prodotto restituito risultasse funzionante, <strong>A.G. INTERNATIONAL S.R.L.<\/strong> si riserver\u00e0 il diritto di addebitare il costo del trasporto per il rinvio della merce, e un importo forfettario quale rimborso per le spese tecniche di \u20ac 25,00 + IVA. Qualora il reso venisse accettato, verr\u00e0 rimborsato al netto delle spese di spedizione.<\/p>\n\n    <h2>Policy di reso<\/h2>\n    <p>Per esercitare il diritto di recesso \u00e8 necessario inviare, entro 14 giorni di calendario dal ricevimento del prodotto acquistato, una comunicazione nella quale venga chiaramente manifestata la volont\u00e0 di recedere dal contratto d\u2019acquisto.<br>\n    Tale comunicazione va inviata, mediante lettera raccomandata con avviso di ricevimento.<\/p>\n    \n    <p>La comunicazione pu\u00f2 essere inviata, entro lo stesso termine, anche mediante telegramma (all\u2019indirizzo dell\u2019azienda).<\/p>\n    \n    <p>Il consumatore dovr\u00e0 poi provvedere, utilizzando un corriere a propria scelta, alla spedizione del prodotto (se possibile nella confezione originale e, comunque, sempre accuratamente imballato) e di tutto quanto in origine contenuto.<br>\n    Il consumatore dovr\u00e0 effettuare tale spedizione entro quattordici giorni lavorativi dalla data in cui ha inviato la comunicazione di esercizio del diritto di recesso.<\/p>\n\n    <h2>Legge applicabile e foro competente<\/h2>\n    <p>Il presente accordo \u00e8 disciplinato dalla Legge Italiana. Per ogni controversia che dovesse insorgere sulla interpretazione ed esecuzione del presente accordo, sar\u00e0 competente il foro di Vibo Valentia (VV).<\/p>\n\n<\/div>\t\t\t\t<\/div>\n\t\t\t\t<\/div>\n\t\t\t\t\t<\/div>\n\t\t\t\t<\/div>\n\t\t\t\t<\/div>\n\t\t","protected":false},"excerpt":{"rendered":"<p>Resi e Rimborsi Reclami e resi Al ricevimento della merce, il Cliente \u00e8 tenuto immediatamente a verificarne lo stato e la conformit\u00e0. Reclami relativi alla conformit\u00e0 dei prodotti, anche in relazione alla loro quantit\u00e0 e\/o aspetto esteriore, devono essere formulate per iscritto mediante l\u2019apposita procedura e l\u2019apposito modulo di richiesta rientro materiali autorizzati (RMA). La [&hellip;]<\/p>\n","protected":false},"author":1,"featured_media":0,"parent":0,"menu_order":0,"comment_status":"closed","ping_status":"closed","template":"","meta":{"footnotes":""},"class_list":["post-258","page","type-page","status-publish","hentry"],"yoast_head":"<!-- This site is optimized with the Yoast SEO plugin v27.4 - https:\/\/yoast.com\/product\/yoast-seo-wordpress\/ -->\n<title>Resi e Rimborsi - Blue Tropea - Laboratorio Artigianale Cosmetici in Calabria<\/title>\n<meta name=\"robots\" content=\"noindex, follow, max-snippet:-1, max-image-preview:large, max-video-preview:-1\" \/>\n<meta property=\"og:locale\" content=\"it_IT\" \/>\n<meta property=\"og:type\" content=\"article\" \/>\n<meta property=\"og:title\" content=\"Resi e Rimborsi - Blue Tropea - Laboratorio Artigianale Cosmetici in Calabria\" \/>\n<meta property=\"og:description\" content=\"Resi e Rimborsi Reclami e resi Al ricevimento della merce, il Cliente \u00e8 tenuto immediatamente a verificarne lo stato e la conformit\u00e0. Reclami relativi alla conformit\u00e0 dei prodotti, anche in relazione alla loro quantit\u00e0 e\/o aspetto esteriore, devono essere formulate per iscritto mediante l\u2019apposita procedura e l\u2019apposito modulo di richiesta rientro materiali autorizzati (RMA). La [&hellip;]\" \/>\n<meta property=\"og:url\" content=\"https:\/\/bluetropea.it\/index.php\/resi-e-rimborsi\/\" \/>\n<meta property=\"og:site_name\" content=\"Blue Tropea - Laboratorio Artigianale Cosmetici in Calabria\" \/>\n<meta property=\"article:modified_time\" content=\"2026-03-07T08:37:20+00:00\" \/>\n<meta name=\"twitter:card\" content=\"summary_large_image\" \/>\n<meta name=\"twitter:label1\" content=\"Tempo di lettura stimato\" \/>\n\t<meta name=\"twitter:data1\" content=\"2 minuti\" \/>\n<script type=\"application\/ld+json\" class=\"yoast-schema-graph\">{\"@context\":\"https:\\\/\\\/schema.org\",\"@graph\":[{\"@type\":\"WebPage\",\"@id\":\"https:\\\/\\\/bluetropea.it\\\/index.php\\\/resi-e-rimborsi\\\/\",\"url\":\"https:\\\/\\\/bluetropea.it\\\/index.php\\\/resi-e-rimborsi\\\/\",\"name\":\"Resi e Rimborsi - Blue Tropea - Laboratorio Artigianale Cosmetici in Calabria\",\"isPartOf\":{\"@id\":\"https:\\\/\\\/bluetropea.it\\\/#website\"},\"datePublished\":\"2026-03-07T08:36:08+00:00\",\"dateModified\":\"2026-03-07T08:37:20+00:00\",\"breadcrumb\":{\"@id\":\"https:\\\/\\\/bluetropea.it\\\/index.php\\\/resi-e-rimborsi\\\/#breadcrumb\"},\"inLanguage\":\"it-IT\",\"potentialAction\":[{\"@type\":\"ReadAction\",\"target\":[\"https:\\\/\\\/bluetropea.it\\\/index.php\\\/resi-e-rimborsi\\\/\"]}]},{\"@type\":\"BreadcrumbList\",\"@id\":\"https:\\\/\\\/bluetropea.it\\\/index.php\\\/resi-e-rimborsi\\\/#breadcrumb\",\"itemListElement\":[{\"@type\":\"ListItem\",\"position\":1,\"name\":\"Home\",\"item\":\"https:\\\/\\\/bluetropea.it\\\/\"},{\"@type\":\"ListItem\",\"position\":2,\"name\":\"Resi e Rimborsi\"}]},{\"@type\":\"WebSite\",\"@id\":\"https:\\\/\\\/bluetropea.it\\\/#website\",\"url\":\"https:\\\/\\\/bluetropea.it\\\/\",\"name\":\"Blue Tropea - Laboratorio Artigianale Cosmetici in Calabria\",\"description\":\"\",\"publisher\":{\"@id\":\"https:\\\/\\\/bluetropea.it\\\/#organization\"},\"potentialAction\":[{\"@type\":\"SearchAction\",\"target\":{\"@type\":\"EntryPoint\",\"urlTemplate\":\"https:\\\/\\\/bluetropea.it\\\/?s={search_term_string}\"},\"query-input\":{\"@type\":\"PropertyValueSpecification\",\"valueRequired\":true,\"valueName\":\"search_term_string\"}}],\"inLanguage\":\"it-IT\"},{\"@type\":\"Organization\",\"@id\":\"https:\\\/\\\/bluetropea.it\\\/#organization\",\"name\":\"Blue Tropea - Laboratorio Artigianale Cosmetici in Calabria\",\"url\":\"https:\\\/\\\/bluetropea.it\\\/\",\"logo\":{\"@type\":\"ImageObject\",\"inLanguage\":\"it-IT\",\"@id\":\"https:\\\/\\\/bluetropea.it\\\/#\\\/schema\\\/logo\\\/image\\\/\",\"url\":\"https:\\\/\\\/bluetropea.it\\\/wp-content\\\/uploads\\\/2024\\\/10\\\/logo2-bianco.png.webp\",\"contentUrl\":\"https:\\\/\\\/bluetropea.it\\\/wp-content\\\/uploads\\\/2024\\\/10\\\/logo2-bianco.png.webp\",\"width\":300,\"height\":82,\"caption\":\"Blue Tropea - Laboratorio Artigianale Cosmetici in Calabria\"},\"image\":{\"@id\":\"https:\\\/\\\/bluetropea.it\\\/#\\\/schema\\\/logo\\\/image\\\/\"}}]}<\/script>\n<!-- \/ Yoast SEO plugin. -->","yoast_head_json":{"title":"Resi e Rimborsi - Blue Tropea - Laboratorio Artigianale Cosmetici in Calabria","robots":{"index":"noindex","follow":"follow","max-snippet":"max-snippet:-1","max-image-preview":"max-image-preview:large","max-video-preview":"max-video-preview:-1"},"og_locale":"it_IT","og_type":"article","og_title":"Resi e Rimborsi - Blue Tropea - Laboratorio Artigianale Cosmetici in Calabria","og_description":"Resi e Rimborsi Reclami e resi Al ricevimento della merce, il Cliente \u00e8 tenuto immediatamente a verificarne lo stato e la conformit\u00e0. Reclami relativi alla conformit\u00e0 dei prodotti, anche in relazione alla loro quantit\u00e0 e\/o aspetto esteriore, devono essere formulate per iscritto mediante l\u2019apposita procedura e l\u2019apposito modulo di richiesta rientro materiali autorizzati (RMA). La [&hellip;]","og_url":"https:\/\/bluetropea.it\/index.php\/resi-e-rimborsi\/","og_site_name":"Blue Tropea - Laboratorio Artigianale Cosmetici in Calabria","article_modified_time":"2026-03-07T08:37:20+00:00","twitter_card":"summary_large_image","twitter_misc":{"Tempo di lettura stimato":"2 minuti"},"schema":{"@context":"https:\/\/schema.org","@graph":[{"@type":"WebPage","@id":"https:\/\/bluetropea.it\/index.php\/resi-e-rimborsi\/","url":"https:\/\/bluetropea.it\/index.php\/resi-e-rimborsi\/","name":"Resi e Rimborsi - Blue Tropea - Laboratorio Artigianale Cosmetici in Calabria","isPartOf":{"@id":"https:\/\/bluetropea.it\/#website"},"datePublished":"2026-03-07T08:36:08+00:00","dateModified":"2026-03-07T08:37:20+00:00","breadcrumb":{"@id":"https:\/\/bluetropea.it\/index.php\/resi-e-rimborsi\/#breadcrumb"},"inLanguage":"it-IT","potentialAction":[{"@type":"ReadAction","target":["https:\/\/bluetropea.it\/index.php\/resi-e-rimborsi\/"]}]},{"@type":"BreadcrumbList","@id":"https:\/\/bluetropea.it\/index.php\/resi-e-rimborsi\/#breadcrumb","itemListElement":[{"@type":"ListItem","position":1,"name":"Home","item":"https:\/\/bluetropea.it\/"},{"@type":"ListItem","position":2,"name":"Resi e Rimborsi"}]},{"@type":"WebSite","@id":"https:\/\/bluetropea.it\/#website","url":"https:\/\/bluetropea.it\/","name":"Blue Tropea - Laboratorio Artigianale Cosmetici in Calabria","description":"","publisher":{"@id":"https:\/\/bluetropea.it\/#organization"},"potentialAction":[{"@type":"SearchAction","target":{"@type":"EntryPoint","urlTemplate":"https:\/\/bluetropea.it\/?s={search_term_string}"},"query-input":{"@type":"PropertyValueSpecification","valueRequired":true,"valueName":"search_term_string"}}],"inLanguage":"it-IT"},{"@type":"Organization","@id":"https:\/\/bluetropea.it\/#organization","name":"Blue Tropea - Laboratorio Artigianale Cosmetici in Calabria","url":"https:\/\/bluetropea.it\/","logo":{"@type":"ImageObject","inLanguage":"it-IT","@id":"https:\/\/bluetropea.it\/#\/schema\/logo\/image\/","url":"https:\/\/bluetropea.it\/wp-content\/uploads\/2024\/10\/logo2-bianco.png.webp","contentUrl":"https:\/\/bluetropea.it\/wp-content\/uploads\/2024\/10\/logo2-bianco.png.webp","width":300,"height":82,"caption":"Blue Tropea - Laboratorio Artigianale Cosmetici in Calabria"},"image":{"@id":"https:\/\/bluetropea.it\/#\/schema\/logo\/image\/"}}]}},"jetpack_sharing_enabled":true,"_links":{"self":[{"href":"https:\/\/bluetropea.it\/index.php\/wp-json\/wp\/v2\/pages\/258","targetHints":{"allow":["GET"]}}],"collection":[{"href":"https:\/\/bluetropea.it\/index.php\/wp-json\/wp\/v2\/pages"}],"about":[{"href":"https:\/\/bluetropea.it\/index.php\/wp-json\/wp\/v2\/types\/page"}],"author":[{"embeddable":true,"href":"https:\/\/bluetropea.it\/index.php\/wp-json\/wp\/v2\/users\/1"}],"replies":[{"embeddable":true,"href":"https:\/\/bluetropea.it\/index.php\/wp-json\/wp\/v2\/comments?post=258"}],"version-history":[{"count":4,"href":"https:\/\/bluetropea.it\/index.php\/wp-json\/wp\/v2\/pages\/258\/revisions"}],"predecessor-version":[{"id":262,"href":"https:\/\/bluetropea.it\/index.php\/wp-json\/wp\/v2\/pages\/258\/revisions\/262"}],"wp:attachment":[{"href":"https:\/\/bluetropea.it\/index.php\/wp-json\/wp\/v2\/media?parent=258"}],"curies":[{"name":"wp","href":"https:\/\/api.w.org\/{rel}","templated":true}]}}